me factors of 311756.
2, 59, 1321
What are the prime factors of 3465975?
3, 5, 37, 1249
What are the prime factors of 47006?
2, 19, 1237
List the prime factors of 32376.
2, 3, 19, 71
What are the prime factors of 17465?
5, 7, 499
What are the prime factors of 649970?
2, 5, 64997
What are the prime factors of 5950593?
3, 11, 60107
What are the prime factors of 2337861?
3, 41, 83, 229
List the prime factors of 5285954.
2, 349, 7573
List the prime factors of 657888.
2, 3, 7, 11, 89
List the prime factors of 195567.
3, 19, 47, 73
What are the prime factors of 18480574?
2, 7, 271, 4871
What are the prime factors of 5644983?
3, 277, 6793
List the prime factors of 10482501.
3, 1009, 3463
What are the prime factors of 21078482?
2, 10539241
List the prime factors of 470668.
2, 11, 19, 563
List the prime factors of 321630.
2, 3, 5, 71, 151
What are the prime factors of 11012727?
3, 11, 333719
What are the prime factors of 1025233?
11, 37, 229
List the prime factors of 285871.
285871
What are the prime factors of 62702?
2, 107, 293
List the prime factors of 11008280.
2, 5, 275207
What are the prime factors of 2036189?
73, 27893
List the prime factors of 2247274.
2, 1123637
List the prime factors of 236136.
2, 3, 9839
List the prime factors of 1983835.
5, 7, 56681
What are the prime factors of 1672898?
2, 836449
What are the prime factors of 933984?
2, 3, 23, 47
List the prime factors of 414553.
414553
List the prime factors of 28605387.
3, 571, 16699
What are the prime factors of 3346850?
2, 5, 13, 19, 271
What are the prime factors of 18948096?
2, 3, 257
List the prime factors of 363390.
2, 3, 5, 12113
List the prime factors of 5748073.
5748073
What are the prime factors of 1038745?
5, 83, 2503
List the prime factors of 282798.
2, 3, 5237
What are the prime factors of 422877?
3, 7, 13, 1549
List the prime factors of 1409461.
163, 8647
List the prime factors of 5459128.
2, 37, 18443
List the prime factors of 33453680.
2, 5, 13, 19, 1693
What are the prime factors of 700490?
2, 5, 7, 10007
What are the prime factors of 14720246?
2, 7360123
List the prime factors of 9630906.
2, 3, 1605151
What are the prime factors of 236178?
2, 3, 13121
List the prime factors of 691806.
2, 3, 115301
What are the prime factors of 378835?
5, 75767
List the prime factors of 387950.
2, 5, 7759
List the prime factors of 1938108.
2, 3, 373, 433
What are the prime factors of 15971984?
2, 7, 142607
What are the prime factors of 1312968?
2, 3, 227, 241
What are the prime factors of 1778987?
7, 254141
What are the prime factors of 4437218?
2, 2218609
List the prime factors of 4156709.
4156709
List the prime factors of 136463.
136463
What are the prime factors of 508131?
3, 13, 43, 101
What are the prime factors of 3575549?
3575549
What are the prime factors of 65910?
2, 3, 5, 13
List the prime factors of 13746901.
7, 280549
What are the prime factors of 143218?
2, 101, 709
List the prime factors of 2884529.
241, 11969
What are the prime factors of 5775286?
2, 11, 262513
What are the prime factors of 1572?
2, 3, 131
What are the prime factors of 102301?
102301
List the prime factors of 2985302.
2, 17, 87803
List the prime factors of 356603.
13, 27431
List the prime factors of 315932.
2, 19, 4157
What are the prime factors of 3775052?
2, 943763
List the prime factors of 558360.
2, 3, 5, 11, 47
What are the prime factors of 57328?
2, 3583
What are the prime factors of 440770?
2, 5, 11, 4007
What are the prime factors of 268844?
2, 67211
List the prime factors of 25885462.
2, 1237, 10463
What are the prime factors of 24507817?
24507817
What are the prime factors of 224637?
3, 7, 19, 563
What are the prime factors of 663681?
3, 221227
What are the prime factors of 2206421?
7, 37, 1217
What are the prime factors of 253828?
2, 23, 31, 89
List the prime factors of 47710.
2, 5, 13, 367
What are the prime factors of 2644327?
7, 377761
List the prime factors of 1164029.
1164029
List the prime factors of 773587.
223, 3469
What are the prime factors of 336164?
2, 31, 2711
What are the prime factors of 51087?
3, 17029
List the prime factors of 17097227.
7, 348923
What are the prime factors of 1055439?
3, 7, 11, 1523
What are the prime factors of 4079875?
5, 127, 257
What are the prime factors of 1673985?
3, 5, 111599
What are the prime factors of 64616?
2, 41, 197
What are the prime factors of 20644849?
19, 383, 2837
What are the prime factors of 22267990?
2, 5, 631, 3529
List the prime factors of 10024451.
313, 32027
List the prime factors of 1477122.
2, 3, 246187
What are the prime factors of 2558988?
2, 3, 31, 2293
List the prime factors of 13423893.
3, 7, 53, 1723
List the prime factors of 4183151.
7, 597593
What are the prime factors of 281594?
2, 140797
List the prime factors of 1405196.
2, 13, 61, 443
List the prime factors of 3950676.
2, 3, 109741
List the prime factors of 1488987.
3, 165443
List the prime factors of 1190620.
2, 5, 59, 1009
What are the prime factors of 981712?
2, 61357
What are the prime factors of 88234?
2, 157, 281
What are the prime factors of 463923?
3, 19, 2713
List the prime factors of 2004122.
2, 1002061
List the prime factors of 6450966.
2, 3, 443, 809
What are the prime factors of 10251490?
2, 5, 1025149
What are the prime factors of 1275632?
2, 61, 1307
What are the prime factors of 227085?
3, 5, 15139
What are the prime factors of 2742471?
3, 101573
List the prime factors of 90148.
2, 31, 727
List the prime factors of 7720445.
5, 59, 26171
List the prime factors of 7801058.
2, 19, 29, 7079
What are the prime factors of 1712696?
2, 214087
List the prime factors of 23948454.
2, 3, 59, 67651
List the prime factors of 20737.
89, 233
What are the prime factors of 69146?
2, 7, 11, 449
What are the prime factors of 93440?
2, 5, 73
List the prime factors of 7927831.
17, 163, 2861
List the prime factors of 105504.
2, 3, 7, 157
What are the prime factors of 2545486?
2, 431, 2953
List the prime factors of 4269933.
3, 474437
What are the prime factors of 933580?
2, 5, 46679
What are the prime factors of 539478?
2, 3, 17, 41, 43
What are the prime factors of 16857499?
331, 50929
What are the prime factors of 230437?
23, 43, 233
What are the prime factors of 1523831?
79, 19289
List the prime factors of 167029.
19, 59, 149
List the prime factors of 4655092.
2, 13, 89521
What are the prime factors of 20904616?
2, 2613077
List the prime factors of 3299334.
2, 3, 191, 2879
What are the prime factors of 465333?
3, 11, 59, 239
What are the prime factors of 948483?
3, 35129
List the prime factors of 5151637.
5151637
What are the prime factors of 6280765?
5, 53, 137, 173
List the prime factors of 29037365.
5, 7, 829639
What are the prime factors of 653874?
2, 3, 13, 83, 101
List the prime factors of 7354621.
41, 179381
What are the prime factors of 434643?
3, 11, 13171
List the prime factors of 1824923.
439, 4157
What are the prime factors of 14359206?
2, 3, 271, 8831
List the prime factors of 5333052.
2, 3, 444421
What are the prime factors of 1629768?
2, 3, 7, 89, 109
What are the prime factors of 5586940?
2, 5, 409, 683
What are the prime factors of 2245672?
2, 11, 13, 151
What are the prime factors of 1152073?
13, 17, 401
List the prime factors of 2185539.
3, 101, 7213
List the prime factors of 285949.
285949
What are the prime factors of 1056916?
2, 7, 37747
List the prime factors of 4287.
3, 1429
What are the prime factors of 59965?
5, 67, 179
What are the prime factors of 369738?
2, 3, 41, 167
List the prime factors of 1778698.
2, 889349
What are the prime factors of 28746074?
2, 7, 2053291
What are the prime factors of 878860?
2, 5, 43943
What are the prime factors of 1399071?
3, 466357
What are the prime factors of 316384?
2, 9887
What are the prime factors of 412129?
19, 109, 199
What are the prime factors of 2233849?
19, 117571
List the prime factors of 2378331.
3, 401, 659
What are the prime factors of 506264?
2, 11, 523
What are the prime factors of 4586951?
4586951
List the prime factors of 15229.
97, 157
List the prime factors of 14463029.
7, 337, 6131
List the prime factors of 380189.
380189
List the prime factors of 2583333.
3, 10631
List the prime factors of 2897083.
7, 413869
What are the prime factors of 751339?
43, 101, 173
What are the prime factors of 7